 Give y(10).
-97
Let z(j) = j**3 + 72*j**2 - 548*j - 13. Determine z(7).
22
Let d(y) = -391*y + 578. Calculate d(2).
-204
Let w(r) = 8*r + 249. Give w(-46).
-119
Let c(f) = f**2 + 27*f + 3. What is c(-27)?
3
Let t(l) = 483*l - 1930. Calculate t(4).
2
Let l(m) = 7135*m - 49943. Give l(7).
2
Let b(k) = k**3 - 8*k**2 + 4*k - 91. Calculate b(8).
-59
Let r(y) = y**2 + 328*y + 2. Determine r(0).
2
Let b(g) = -3*g**3 + 4*g**2 + 56*g - 109. Give b(2).
-5
Let i(g) = 73*g + 2339. Calculate i(-32).
3
Let s(b) = 202*b - 824. What is s(4)?
-16
Let p(r) = 22*r - 1119. Give p(51).
3
Let u(v) = 154*v**2 + 6004*v - 74. Calculate u(-39).
4
Let t(b) = -2*b**2 - 54*b + 7203. What is t(48)?
3
Let n(w) = w**3 - 34*w**2 - 152*w + 4109. What is n(35)?
14
Let v(i) = 3*i**2 + 47*i - 104. Give v(2).
2
Let r(q) = -437*q - 36694. Give r(-84).
14
Let n(w) = -w**2 - 44*w - 439. Determine n(-19).
36
Let j(a) = a**2 + 73*a + 1257. Give j(-29).
-19
Let u(o) = 59*o + 2573. Calculate u(-44).
-23
Let g(a) = -a**3 + 7*a**2 + 26*a - 19. Determine g(10).
-59
Let s(f) = -f**2 + 231*f - 12604. Calculate s(88).
-20
Let q(t) = 102*t - 1973. What is q(19)?
-35
Let h(p) = -p**3 - 38*p**2 + 169*p - 2. What is h(-42)?
-44
Let g(f) = f**3 + 174*f**2 - 147*f + 4921. Give g(-175).
21
Let k(c) = 374*c - 3529. Determine k(9).
-163
Let c(p) = -p**3 + 12*p**2 - 22*p - 52. Calculate c(9).
-7
Let f(t) = -46*t**3 + t + 2. Give f(-1).
47
Let v(p) = 964*p + 112. What is v(0)?
112
Let o(n) = 7*n**2 + 17*n - 52. What is o(-5)?
38
Let u(j) = -367*j + 2370. Calculate u(6).
168
Let c(z) = 158*z + 2226. Determine c(-14).
14
Let n(k) = -4*k**2 - 5*k + 94. Give n(0).
94
Let u(o) = -o**2 + o + 26. Determine u(9).
-46
Let n(o) = 2*o**2 - 91*o + 186. Give n(2).
12
Let v(c) = c**2 + 16*c + 43. What is v(-5)?
-12
Let t(h) = h**2 + 107*h + 2101. Determine t(-51).
-755
Let g(v) = -2*v**2 + 72*v - 208. Calculate g(30).
152
Let y(x) = -x**3 - 52*x**2 - 663*x - 97. Calculate y(-30).
-7
Let l(q) = q**3 + 16*q**2 - 111*q + 27. Determine l(-21).
153
Let i(v) = 7*v**2 - 142*v + 472. Calculate i(4).
16
Let t(s) = 4*s**2 - 57*s - 16. Calculate t(15).
29
Let h(m) = -m**2 - 79*m - 717. Calculate h(-10).
-27
Let k(n) = 113*n - 1136. Calculate k(10).
-6
Let q(a) = -6*a**2 + 153*a - 61. What is q(25)?
14
Let m(n) = -8*n**2 + 85*n - 38. What is m(10)?
12
Let f(z) = -z**3 - 4*z**2 + 104*z + 107. What is f(-1)?
0
Let l(t) = -3*t**3 - 5*t**2 + 473*t + 949. What is l(-2)?
7
Let a(u) = -u**3 - 117*u**2 + 242*u + 774. What is a(-119)?
298
Let k(w) = -w**3 + 28*w**2 - 20*w + 575. Calculate k(28).
15
Let r(d) = 2*d**3 - 103*d**2 + 52*d - 56. Calculate r(51).
-5
Let d(r) = 8*r**2 - 17*r - 236. Determine d(-8).
412
Let w(f) = 595*f + 80. What is w(0)?
80
Let n(j) = 2*j**2 + 86*j + 663. Give n(-38).
283
Let v(i) = -253*i + 3278. What is v(13)?
-11
Let p(c) = -c**3 + 15*c**2 - 49*c - 39. What is p(8)?
17
Let i(h) = -27*h + 545. Calculate i(20).
5
Let i(y) = -59*y + 1179. Determine i(19).
58
Let m(j) = 3*j**3 - 15*j**2 - 119*j + 51. Give m(9).
-48
Let s(g) = -g**3 - 17*g**2 - 40*g. What is s(-3)?
-6
Let j(t) = -t**2 - 25*t + 75. Calculate j(-24).
99
Let k(o) = -3*o**3 + 32*o**2 - 2*o + 68. Determine k(11).
-75
Let u(r) = -5*r + 38. What is u(30)?
-112
Let l(j) = 1796*j - 10767. Calculate l(6).
9
Let i(p) = -29*p - 178. Determine i(-8).
54
Let x(r) = -2*r**3 + 128*r**2 - 125*r - 64. What is x(63)?
-1
Let y(j) = 2*j**3 - 36*j**2 + 159*j + 13. Calculate y(11).
68
Let y(g) = -27*g + 332. What is y(14)?
-46
Let h(s) = 2*s**2 - 2*s + 63. What is h(-6)?
147
Let r(z) = 173*z**3 - z**2 + 2*z - 2. What is r(1)?
172
Let p(c) = -12*c**3 + 51*c**2 - 10*c - 5. Give p(4).
3
Let l(v) = 8*v**2 + 15*v + 44. Determine l(-4).
112
Let d(c) = c**2 + 3*c - 16. Determine d(-10).
54
Let n(p) = -2*p**3 - 92*p**2 + 10*p + 441. Calculate n(-46).
-19
Let b(k) = -4*k**3 + 7*k**2 + 30*k + 28. What is b(-1)?
9
Let l(r) = -7*r**3 - 2*r**2 - 5*r + 7. What is l(2)?
-67
Let b(x) = -x**3 + 9*x**2 + 196*x - 100. What is b(19)?
14
Let w(k) = 10*k**2 - 12*k - 12. Give w(3).
42
Let s(k) = 74*k + 1047. Determine s(-15).
-63
Let k(n) = 104*n + 2700. What is k(-26)?
-4
Let f(q) = -15*q - 215. Determine f(-13).
-20
Let n(i) = 2*i**3 + 8*i**2 - 13*i - 19. Calculate n(-5).
-4
Let r(q) = 7*q**2 + 49*q + 245. What is r(-5)?
175
Let z(y) = -y**3 - 10*y**2 + 206*y + 2027. Give z(-10).
-33
Let t(b) = -b**3 + 17*b**2 - 34*b + 101. What is t(15)?
41
Let y(s) = 2824*s - 206141. Give y(73).
11
Let c(g) = -21*g - 200. Determine c(-8).
-32
Let a(c) = -35*c - 102. Determine a(-3).
3
Let k(w) = -w**3 + 9*w**2 + 3*w + 209. Determine k(11).
0
Let s(i) = -71*i**2 - 2*i + 186. Determine s(0).
186
Let q(x) = -270*x - 5389. Calculate q(-20).
11
Let b(t) = 17*t - 36. What is b(-7)?
-155
Let v(n) = -n**3 + 16*n**2 - 57*n + 22. Calculate v(11).
0
Let a(s) = -491*s - 99. Calculate a(0).
-99
Let x(r) = 5*r - 47. Give x(2).
-37
Let n(t) = -224*t - 23296. Calculate n(-104).
0
Let f(b) = 13*b**3 + b**2 - b - 4. Give f(2).
102
Let l(x) = -183*x - 375. What is l(-2)?
-9
Let x(w) = -w**3 - 29*w**2 + 98*w + 32. What is x(-32)?
-32
Let s(r) = -3*r**2 + 61*r - 102. Give s(18).
24
Let h(p) = 183*p + 1469. Give h(-8).
5
Let r(h) = 2*h**2 + 59*h - 144. Determine r(-32).
16
Let k(g) = 13*g**2 + 7*g - 2. Give k(3).
136
Let s(n) = 5*n**2 + 206*n + 906. What is s(-5)?
1
Let m(z) = -z**3 + 10*z**2 + 225*z - 1911. Determine m(8).
17
Let x(n) = -37*n - 717. What is x(-18)?
-51
Let a(k) = k**3 - 6*k**2 - 16*k + 43. Give a(5).
-62
Let o(s) = -s**2 + 32*s - 182. Calculate o(24).
10
Let h(q) = -q + 68. What is h(50)?
18
Let u(d) = -29*d**3 + 203*d**2 + d - 5. Give u(7).
2
Let d(r) = 23*r**2 - 8*r + 23. Determine d(2).
99
Let h(j) = -j**3 - 12*j**2 - 36*j - 3. Give h(-7).
4
Let v(k) = 9264*k - 18529. Determine v(2).
-1
Let a(m) = -m**3 + 3*m**2 + m + 23. What is a(5)?
-22
Let f(t) = 4*t**3 - 4*t**2 - 7*t - 2. Give f(-2).
-36
Let b(n) = -70*n + 128. What is b(5)?
-222
Let r(o) = 1112*o + 18907. Give r(-17).
3
Let t(p) = 206*p + 481. Give t(-3).
-137
Let k(l) = l**2 + 20*l + 51. Give k(-6).
-33
Let j(t) = 99*t + 760. What is j(-8)?
-32
Let s(i) = 10*i**2 - 200*i - 197. Give s(-1).
13
Let y(v) = 10*v**2 - 162*v + 186. Determine y(15).
6
Let y(h) = -h**3 + 9*h**2 + 28*h - 11. Calculate y(-3).
13
Let c(a) = -a**2 - 30*a + 2041. What is c(34)?
-135
Let n(p) = -3*p**2 - 67*p - 365. Give n(-10).
5
Let n(x) = -2*x**2 + 2*x - 12. What is n(-5)?
-72
Let w(t) = -2*t**3 - t**2 - 2*t - 1. What is w(-1)?
2
Let p(c) = -15*c**2 + 147*c - 145. Calculate p(9).
-37
Let t(w) = 3*w + 89. Give t(-26).
11
Let w(d) = d**3 + 25*d**2 + 119*d - 141. Give w(-18).
-15
Let c(n) = 23*n**2 + 509*n + 62. Calculate c(-22).
-4
Let w(i) = -93*i**2 - 3813*i - 26. Determine w(-41).
-26
Let t(p) = 4*p**2 - 34*p - 119. What is t(7)?
-161
Let v(a) = -9*a - 378. Calculate v(-36).
-54
Let k(d) = 62*d - 4335. Give k(70).
5
Let h(q) = 51*q - 276. What is h(-1)?
-327
Let f(j) = 36*j**2 - 86*j - 366. Determine f(-4).
554
Let k(j) = -12*j**2 - 314*j - 28. What is k(-26)?
24
Let k(d) = d**2 + 73*d - 735. Give k(9).
3
Let n(j) = -511*j - 20952. What is n(-41)?
-1
Let s(l) = l**2 - 157*l + 475. Determine s(3).
13
Let v(b) = -2*b**3 - 36*b**2 - 39*b + 32. Calculate v(-17).
117
Let d(u) = 25*u - 460. Calculate d(22).
90
Let w(d) = -d**3 - 19*d**2 + 45*d + 36. Determine w(-21).
-27
Let b(i) = 33*i + 125. Give b(-5).
-40
Let p(z) = 2*z**2 - 523*z - 36. Determine p(0).
-36
Let j(f) = -f**3 + 10*f**2 + 83*f - 20. Calculate j(-8).
468
Let i(p) = -17*p + 1126. Give i(65).
21
Let r(b) = -25001*b - 250017. Give r(-10).
-7
Let z(r) = -28*r - 40. Give z(6).
-208
Let b(u) = -u**3 + 106*u**2 + 2971*u - 512. Calculate b(129).
4
Let h(x) = 2*x**3 + 23*x**2 - 31*x - 110. Determine h(-12).
118
Let h(z) = -28*z - 1042. Determine h(-56).
526
Let n(w) = -w**2 - 77*w + 7261. Calculate n(-132).
1
Let l(i) = -i**3 - 48*i**2 + 16*i + 802. Determine l(-48).
34
Let s(n) = -119*n**2 + 477*n. Determine s(4).
4
Let d(o) = -o**3 - 21*o**2 - 17*o - 34. Determine d(-21).
323
Let f(p) = 94*p + 101. What is f(-1)?
7
Let v(l) = 3*l**3 + 58*l**2 + 22*l + 73. Determine v(-19).
16
Let d(r) = -12*r - 590. Determine d(-45).
-50
Let c(g) = -g**3 - 5*g**2 + 82*g + 271. Give c(-8).
-193
Let u(b) = 33*b + 712. Calculate u(-22).